{"id":6953,"date":"2018-08-01T00:00:02","date_gmt":"2018-08-01T05:00:02","guid":{"rendered":"https:\/\/www.pensionadoatahualpa.edu.ec\/web\/?page_id=6953"},"modified":"2025-08-13T12:08:48","modified_gmt":"2025-08-13T17:08:48","slug":"iniciar-matricula","status":"publish","type":"page","link":"https:\/\/www.pensionadoatahualpa.edu.ec\/web\/iniciar-matricula\/","title":{"rendered":"INICIO DE MATR\u00cdCULA"},"content":{"rendered":"[vc_row fullwidth=\u00bbtrue\u00bb][vc_column][vc_single_image image=\u00bb9451&#8243; img_size=\u00bbfull\u00bb alignment=\u00bbcenter\u00bb][\/vc_column][\/vc_row][vc_row][vc_column][vc_column_text css=\u00bb.vc_custom_1689825995862{margin-bottom: 0px !important;}\u00bb]\n<h1 style=\"text-align: center;\"><strong>Usted ha iniciado el proceso de matriculaci\u00f3n de estudiante<br \/>\n<\/strong><\/h1>\n[\/vc_column_text][vc_single_image image=\u00bb6961&#8243; img_size=\u00bbfull\u00bb alignment=\u00bbcenter\u00bb][vc_column_text css=\u00bb.vc_custom_1754359383304{margin-bottom: 0px !important;}\u00bb]\n<h2 style=\"text-align: center;\"><strong>Contrato de Servicios Educativos<\/strong><\/h2>\n<h4>Para formalizar la matr\u00edcula, sigue estos sencillos pasos:<\/h4>\n<ul>\n<li>\n<h4><b>Descarga el contrato:<\/b> Haz clic en el bot\u00f3n de abajo para obtener el <b>Contrato de Servicios Educativos<\/b>.<\/h4>\n<\/li>\n<li>\n<h4><b>Revisa e imprime:<\/b> Imprime una copia del contrato para que puedas leerlo y analizarlo con calma.<\/h4>\n<\/li>\n<li>\n<h4><b>Completa y firma:<\/b> Llena todos los campos del contrato usando un <b>esfero de tinta azul<\/b>. Una vez que lo hayas completado, f\u00edrmalo.<\/h4>\n<\/li>\n<li>\n<h4><b>Entrega la documentaci\u00f3n:<\/b> Lleva el contrato firmado por el representante legal junto con <strong>2 copias a color de su c\u00e9dula de identidad y entr\u00e9galo en la Instituci\u00f3n.<\/strong><\/h4>\n<\/li>\n<\/ul>\n[\/vc_column_text][vc_btn title=\u00bbDESCARGAR CONTRATO DE SERVICIOS EDUCATIVOS\u00bb style=\u00bb3d\u00bb color=\u00bbsuccess\u00bb size=\u00bblg\u00bb align=\u00bbcenter\u00bb i_icon_fontawesome=\u00bbfas fa-file-pdf\u00bb add_icon=\u00bbtrue\u00bb link=\u00bburl:https%3A%2F%2Fdrive.google.com%2Ffile%2Fd%2F1HxKCS3WemwpyUAIjAkCSAf_clYWyZg9V%2Fview%3Fusp%3Dsharing|target:_blank\u00bb][vc_empty_space][vc_single_image image=\u00bb9473&#8243; img_size=\u00bb160&#215;180&#8243; alignment=\u00bbcenter\u00bb][vc_column_text css=\u00bb.vc_custom_1753708857549{margin-bottom: 0px !important;}\u00bb]\n<h2 style=\"text-align: center;\"><strong>Llenar formulario del DECE<\/strong><\/h2>\n<h4>Solicitamos amablemente, <b>completar el formulario adjunto,<\/b> con la informaci\u00f3n requerida por el DECE. Para acceder al formulario, por favor, haga clic en el bot\u00f3n inferior.<\/h4>\n[\/vc_column_text][vc_btn title=\u00bbLLENAR FICHA INFORMATIVA DEL ESTUDIANTE PARA EL DECE\u00bb style=\u00bb3d\u00bb color=\u00bbsuccess\u00bb size=\u00bblg\u00bb align=\u00bbcenter\u00bb i_icon_fontawesome=\u00bb\u00bb add_icon=\u00bbtrue\u00bb link=\u00bburl:https%3A%2F%2Fforms.gle%2FP7f24pwvSEvta725A|target:_blank|rel:nofollow\u00bb][vc_empty_space][vc_single_image image=\u00bb7796&#8243; img_size=\u00bbfull\u00bb alignment=\u00bbcenter\u00bb][vc_column_text css=\u00bb.vc_custom_1755104925138{margin-bottom: 0px !important;}\u00bb]\n<h2 style=\"text-align: center;\"><strong>Formas de Pago Bancario<\/strong><\/h2>\n<p style=\"text-align: center;\">Realice el pago en una de las siguientes entidades bancarias como se muestra en el siguiente v\u00eddeo y <strong>LLEVA LAS COPIAS O IMPRESOS DE LOS COMPROBANTES DE PAGO RESPECTIVOS EL D\u00cdA DE LA MATR\u00cdCULA: <\/strong><\/p>\n<ul>\n<li style=\"text-align: left;\"><strong>MATR\u00cdCULA Y <\/strong><strong>PENSI\u00d3N A NOMBRE DE PENSIONADO ATAHUALPA (CUENTA BANCO DEL PAC\u00cdFICO, PICHINCHA O PRODUBANCO )<\/strong><\/li>\n<li style=\"text-align: left;\"><strong>SEGURO Y PLATAFORMA EDUCATIVA A NOMBRE DE INVERSIONES EDUCATIVAS (BANCO PRODUBANCO)<\/strong><\/li>\n<\/ul>\n<p><strong>LOS VALORES TANTO DE LA MATR\u00cdCULA, PENSI\u00d3N, PLATAFORMA Y SEGURO SE ENVIAR\u00c1N AL CORREO REGISTRADO EN FACTURACI\u00d3N.<\/strong><\/p>\n<div style=\"text-align: center;\">\n<div style=\"width: 1140px;\" class=\"wp-video\"><!--[if lt IE 9]><script>document.createElement('video');<\/script><![endif]-->\n<video class=\"wp-video-shortcode\" id=\"video-6953-1\" width=\"1140\" height=\"641\" preload=\"metadata\" controls=\"controls\"><source type=\"video\/mp4\" src=\"https:\/\/www.pensionadoatahualpa.edu.ec\/web\/wp-content\/uploads\/2025\/08\/pagos-matricula.mp4?_=1\" \/><a href=\"https:\/\/www.pensionadoatahualpa.edu.ec\/web\/wp-content\/uploads\/2025\/08\/pagos-matricula.mp4\">https:\/\/www.pensionadoatahualpa.edu.ec\/web\/wp-content\/uploads\/2025\/08\/pagos-matricula.mp4<\/a><\/video><\/div>\n<\/div>\n[\/vc_column_text][vc_empty_space][vc_single_image image=\u00bb7799&#8243; img_size=\u00bbfull\u00bb alignment=\u00bbcenter\u00bb][vc_column_text css=\u00bb.vc_custom_1722786555951{margin-bottom: 0px !important;}\u00bb]El d\u00eda asignado de la matr\u00edcula, por favor, entregue en la instituci\u00f3n el\u00a0<strong>contrato de servicios debidamente firmado, junto con una copia de la c\u00e9dula del representante legal, la copia del comprobante de pago de la matr\u00edcula y el\u00a0 comprobante de pago de la pensi\u00f3n del mes de septiembre, estos dos \u00faltimos por separado. <\/strong>[\/vc_column_text][\/vc_column][vc_column][\/vc_column][\/vc_row][vc_row][vc_column][vc_column_text css=\u00bb.vc_custom_1753533581601{margin-bottom: 0px !important;}\u00bb]\n<h1 style=\"text-align: center;\"><span style=\"color: #333399;\"><strong>Calendario de Matr\u00edculas<\/strong><\/span><\/h1>\n[\/vc_column_text][vc_single_image image=\u00bb9502&#8243; img_size=\u00bbfull\u00bb alignment=\u00bbcenter\u00bb][\/vc_column][\/vc_row][vc_row][vc_column][vc_column_text css=\u00bb.vc_custom_1722703833949{margin-bottom: 0px !important;}\u00bb]\n<h1 style=\"text-align: center;\"><span style=\"color: #333399;\"><strong>Lista de \u00fatiles<\/strong><\/span><\/h1>\n[\/vc_column_text][vc_column_text align=\u00bbcenter\u00bb css=\u00bb.vc_custom_1722706333619{margin-bottom: 0px !important;}\u00bb]\n<h3 style=\"text-align: center;\"><span style=\"color: #000000;\"><strong>Educaci\u00f3n Inicial<\/strong><\/span><\/h3>\n[\/vc_column_text][\/vc_column][\/vc_row][vc_row][vc_column width=\u00bb1\/2&#8243;][vc_btn title=\u00bbInicial 2.1 &#8211; Lista de \u00fatiles\u00bb style=\u00bb3d\u00bb color=\u00bbsuccess\u00bb align=\u00bbcenter\u00bb i_icon_fontawesome=\u00bbfar fa-file-pdf\u00bb add_icon=\u00bbtrue\u00bb link=\u00bburl:https%3A%2F%2Fdrive.google.com%2Ffile%2Fd%2F11dKchYpplJmmxwHCxMht9hCs1mWmm0Yw%2Fview%3Fusp%3Dsharing|target:_blank\u00bb][\/vc_column][vc_column width=\u00bb1\/2&#8243;][vc_btn title=\u00bbInicial 2.2 &#8211; Lista de \u00fatiles\u00bb style=\u00bb3d\u00bb color=\u00bbsuccess\u00bb align=\u00bbcenter\u00bb i_icon_fontawesome=\u00bbfar fa-file-pdf\u00bb add_icon=\u00bbtrue\u00bb link=\u00bburl:https%3A%2F%2Fdrive.google.com%2Ffile%2Fd%2F1fMeySj15oJf3zuiJgsU7nV3FD3rwBBCb%2Fview%3Fusp%3Dsharing|target:_blank\u00bb][\/vc_column][\/vc_row][vc_row][vc_column][vc_column_text align=\u00bbcenter\u00bb css=\u00bb.vc_custom_1722706273275{margin-bottom: 0px !important;}\u00bb]\n<h2><strong>Educaci\u00f3n General B\u00e1sica<\/strong><\/h2>\n[\/vc_column_text][vc_column_text align=\u00bbcenter\u00bb css=\u00bb.vc_custom_1722706802041{margin-bottom: 0px !important;}\u00bb]\n<h3 style=\"text-align: left;\"><strong>B\u00e1sica Preparatoria<\/strong><\/h3>\n[\/vc_column_text][vc_btn title=\u00bbPrimer Grado EGB\u00bb style=\u00bb3d\u00bb color=\u00bbsuccess\u00bb align=\u00bbcenter\u00bb i_icon_fontawesome=\u00bbfar fa-file-pdf\u00bb add_icon=\u00bbtrue\u00bb link=\u00bburl:https%3A%2F%2Fdrive.google.com%2Ffile%2Fd%2F1J5j6ZQKJF53Mbi0SD_Ev9_msa9ldCLSZ%2Fview%3Fusp%3Dsharing|target:_blank\u00bb][vc_column_text align=\u00bbcenter\u00bb css=\u00bb.vc_custom_1722706793151{margin-bottom: 0px !important;}\u00bb]\n<h3 style=\"text-align: left;\"><strong>B\u00e1sica Elemental<\/strong><\/h3>\n[\/vc_column_text][\/vc_column][\/vc_row][vc_row][vc_column width=\u00bb1\/3&#8243;][vc_column_text css=\u00bb.vc_custom_1722707013319{margin-bottom: 0px !important;}\u00bb]\n<p style=\"text-align: center;\">Segundo Grado EGB<\/p>\n[\/vc_column_text][\/vc_column][vc_column width=\u00bb1\/3&#8243;][vc_column_text css=\u00bb.vc_custom_1722707024528{margin-bottom: 0px !important;}\u00bb]\n<p style=\"text-align: center;\">Tercer Grado EGB<\/p>\n[\/vc_column_text][\/vc_column][vc_column width=\u00bb1\/3&#8243;][vc_column_text css=\u00bb.vc_custom_1722706999747{margin-bottom: 0px !important;}\u00bb]\n<p style=\"text-align: center;\">Cuarto Grado EGB<\/p>\n[\/vc_column_text][\/vc_column][\/vc_row][vc_row][vc_column width=\u00bb1\/3&#8243;][vc_btn title=\u00bb2do Grado EGB\u00bb style=\u00bb3d\u00bb color=\u00bbsuccess\u00bb align=\u00bbcenter\u00bb i_icon_fontawesome=\u00bbfar fa-file-pdf\u00bb add_icon=\u00bbtrue\u00bb link=\u00bburl:https%3A%2F%2Fdrive.google.com%2Ffile%2Fd%2F1NlGwK6IO_ADM0_ccewdfMtfft4iMpB0K%2Fview%3Fusp%3Dsharing|target:_blank\u00bb][\/vc_column][vc_column width=\u00bb1\/3&#8243;][vc_btn title=\u00bb3er Grado EGB\u00bb style=\u00bb3d\u00bb color=\u00bbsuccess\u00bb align=\u00bbcenter\u00bb i_icon_fontawesome=\u00bbfar fa-file-pdf\u00bb add_icon=\u00bbtrue\u00bb link=\u00bburl:https%3A%2F%2Fdrive.google.com%2Ffile%2Fd%2F1LTAjx_4KQkyS7BRyv-oEMiRTLPMuZvE-%2Fview%3Fusp%3Dsharing|target:_blank\u00bb][\/vc_column][vc_column width=\u00bb1\/3&#8243;][vc_btn title=\u00bb4to Grado EGB\u00bb style=\u00bb3d\u00bb color=\u00bbsuccess\u00bb align=\u00bbcenter\u00bb i_icon_fontawesome=\u00bbfar fa-file-pdf\u00bb add_icon=\u00bbtrue\u00bb link=\u00bburl:https%3A%2F%2Fdrive.google.com%2Ffile%2Fd%2F1_UI62k5p4nAO_2-JzlJqFDPZBCyf8a1A%2Fview%3Fusp%3Dsharing|target:_blank\u00bb][\/vc_column][\/vc_row][vc_row][vc_column][vc_column_text css=\u00bb.vc_custom_1722707445724{margin-bottom: 0px !important;}\u00bb]\n<h3 style=\"text-align: left;\"><strong>B\u00e1sica Media<\/strong><\/h3>\n[\/vc_column_text][\/vc_column][\/vc_row][vc_row][vc_column width=\u00bb1\/3&#8243;][vc_column_text css=\u00bb.vc_custom_1722710154448{margin-bottom: 0px !important;}\u00bb]\n<p style=\"text-align: center;\">Quinto Grado EGB<\/p>\n[\/vc_column_text][\/vc_column][vc_column width=\u00bb1\/3&#8243;][vc_column_text css=\u00bb.vc_custom_1722707558130{margin-bottom: 0px !important;}\u00bb]\n<p style=\"text-align: center;\">Sexto Grado EGB<\/p>\n[\/vc_column_text][\/vc_column][vc_column width=\u00bb1\/3&#8243;][vc_column_text css=\u00bb.vc_custom_1722707552330{margin-bottom: 0px !important;}\u00bb]\n<p style=\"text-align: center;\">S\u00e9ptimo Grado EGB<\/p>\n[\/vc_column_text][\/vc_column][\/vc_row][vc_row][vc_column width=\u00bb1\/3&#8243;][vc_btn title=\u00bb5to Grado EGB\u00bb style=\u00bb3d\u00bb color=\u00bbsuccess\u00bb align=\u00bbcenter\u00bb i_icon_fontawesome=\u00bbfar fa-file-pdf\u00bb add_icon=\u00bbtrue\u00bb link=\u00bburl:https%3A%2F%2Fdrive.google.com%2Ffile%2Fd%2F13u4RcpRQNj5D2jUslHktWKhoBcQ1iMgR%2Fview%3Fusp%3Dsharing|target:_blank\u00bb][\/vc_column][vc_column width=\u00bb1\/3&#8243;][vc_btn title=\u00bb6to Grado EGB\u00bb style=\u00bb3d\u00bb color=\u00bbsuccess\u00bb align=\u00bbcenter\u00bb i_icon_fontawesome=\u00bbfar fa-file-pdf\u00bb add_icon=\u00bbtrue\u00bb link=\u00bburl:https%3A%2F%2Fdrive.google.com%2Ffile%2Fd%2F1Ynlglx0Pfwm87miv9MYg4s5fDtmByc9i%2Fview%3Fusp%3Dsharing|target:_blank\u00bb][\/vc_column][vc_column width=\u00bb1\/3&#8243;][vc_btn title=\u00bb7mo Grado EGB\u00bb style=\u00bb3d\u00bb color=\u00bbsuccess\u00bb align=\u00bbcenter\u00bb i_icon_fontawesome=\u00bbfar fa-file-pdf\u00bb add_icon=\u00bbtrue\u00bb link=\u00bburl:https%3A%2F%2Fdrive.google.com%2Ffile%2Fd%2F1J6Uy73n2vpFqHuOAy9B7ACXi_G5qnJWr%2Fview%3Fusp%3Dsharing|target:_blank\u00bb][\/vc_column][\/vc_row][vc_row][vc_column][vc_column_text css=\u00bb.vc_custom_1722708381513{margin-bottom: 0px !important;}\u00bb]\n<h3><strong>B\u00e1sica Superior<\/strong><\/h3>\n[\/vc_column_text][\/vc_column][\/vc_row][vc_row][vc_column width=\u00bb1\/3&#8243;][vc_column_text css=\u00bb.vc_custom_1722708444902{margin-bottom: 0px !important;}\u00bb]\n<p style=\"text-align: center;\">Octavo Grado EGB<\/p>\n[\/vc_column_text][\/vc_column][vc_column width=\u00bb1\/3&#8243;][vc_column_text css=\u00bb.vc_custom_1722708479303{margin-bottom: 0px !important;}\u00bb]\n<p style=\"text-align: center;\">Noveno Grado EGB<\/p>\n[\/vc_column_text][\/vc_column][vc_column width=\u00bb1\/3&#8243;][vc_column_text css=\u00bb.vc_custom_1722708495117{margin-bottom: 0px !important;}\u00bb]\n<p style=\"text-align: center;\">D\u00e9cimo Grado EGB<\/p>\n[\/vc_column_text][\/vc_column][\/vc_row][vc_row][vc_column width=\u00bb1\/3&#8243;][vc_btn title=\u00bb8vo Curso EGB\u00bb style=\u00bb3d\u00bb color=\u00bbsuccess\u00bb align=\u00bbcenter\u00bb i_icon_fontawesome=\u00bbfar fa-file-pdf\u00bb add_icon=\u00bbtrue\u00bb link=\u00bburl:https%3A%2F%2Fdrive.google.com%2Ffile%2Fd%2F1RAjTTxkBo7c9XakLSjOjU7O1ilZD0zfp%2Fview%3Fusp%3Dsharing|target:_blank\u00bb][\/vc_column][vc_column width=\u00bb1\/3&#8243;][vc_btn title=\u00bb9no Curso EGB\u00bb style=\u00bb3d\u00bb color=\u00bbsuccess\u00bb align=\u00bbcenter\u00bb i_icon_fontawesome=\u00bbfar fa-file-pdf\u00bb add_icon=\u00bbtrue\u00bb link=\u00bburl:https%3A%2F%2Fdrive.google.com%2Ffile%2Fd%2F1oD5eFlkom6BskH4pQY83C19IZNDyvhCF%2Fview%3Fusp%3Dsharing|target:_blank\u00bb][\/vc_column][vc_column width=\u00bb1\/3&#8243;][vc_btn title=\u00bb10mo Curso EGB\u00bb style=\u00bb3d\u00bb color=\u00bbsuccess\u00bb align=\u00bbcenter\u00bb i_icon_fontawesome=\u00bbfar fa-file-pdf\u00bb add_icon=\u00bbtrue\u00bb link=\u00bburl:https%3A%2F%2Fdrive.google.com%2Ffile%2Fd%2F1pZOc9q0l4Hsei9iPKcAXdwbZjRSnTk0R%2Fview%3Fusp%3Dsharing|target:_blank\u00bb][\/vc_column][\/vc_row][vc_row][vc_column][vc_column_text css=\u00bb.vc_custom_1754359141142{margin-bottom: 0px !important;}\u00bb]\n<h2 style=\"text-align: center;\"><strong>Bachillerato General Unificado<\/strong><\/h2>\n[\/vc_column_text][\/vc_column][\/vc_row][vc_row][vc_column width=\u00bb1\/3&#8243;][vc_column_text css=\u00bb.vc_custom_1722709192781{margin-bottom: 0px !important;}\u00bb]\n<p style=\"text-align: center;\">Primer Curso BGU<\/p>\n[\/vc_column_text][\/vc_column][vc_column width=\u00bb1\/3&#8243;][vc_column_text css=\u00bb.vc_custom_1722709236519{margin-bottom: 0px !important;}\u00bb]\n<p style=\"text-align: center;\">Segundo Curso BGU<\/p>\n[\/vc_column_text][\/vc_column][vc_column width=\u00bb1\/3&#8243;][vc_column_text css=\u00bb.vc_custom_1722709260780{margin-bottom: 0px !important;}\u00bb]\n<p style=\"text-align: center;\">Tercer Curso BGU<\/p>\n[\/vc_column_text][\/vc_column][\/vc_row][vc_row][vc_column width=\u00bb1\/3&#8243;][vc_btn title=\u00bb1er Curso BGU\u00bb style=\u00bb3d\u00bb color=\u00bbsuccess\u00bb align=\u00bbcenter\u00bb i_icon_fontawesome=\u00bbfar fa-file-pdf\u00bb add_icon=\u00bbtrue\u00bb link=\u00bburl:https%3A%2F%2Fdrive.google.com%2Ffile%2Fd%2F1qRR7EDyvys9blnMabPdJO1_Rn2g3sicp%2Fview%3Fusp%3Dsharing|target:_blank\u00bb][\/vc_column][vc_column width=\u00bb1\/3&#8243;][vc_btn title=\u00bb2do Curso BGU\u00bb style=\u00bb3d\u00bb color=\u00bbsuccess\u00bb align=\u00bbcenter\u00bb i_icon_fontawesome=\u00bbfar fa-file-pdf\u00bb add_icon=\u00bbtrue\u00bb link=\u00bburl:https%3A%2F%2Fdrive.google.com%2Ffile%2Fd%2F1-L60RCC08UoNDbqcGpb3Rdn5iin6erLR%2Fview%3Fusp%3Dsharing|target:_blank\u00bb][\/vc_column][vc_column width=\u00bb1\/3&#8243;][vc_btn title=\u00bb3er Curso BGU\u00bb style=\u00bb3d\u00bb color=\u00bbsuccess\u00bb align=\u00bbcenter\u00bb i_icon_fontawesome=\u00bbfar fa-file-pdf\u00bb add_icon=\u00bbtrue\u00bb link=\u00bburl:https%3A%2F%2Fdrive.google.com%2Ffile%2Fd%2F1Tipd3_jL1eejNMt4RNn83gE-6MzTe0Lr%2Fview%3Fusp%3Dsharing|target:_blank\u00bb][\/vc_column][\/vc_row][vc_row][vc_column][vc_column_text css=\u00bb.vc_custom_1754359154070{margin-bottom: 0px !important;}\u00bb]\n<h2 style=\"text-align: center;\"><strong>Bachillerato Internacional\u00a0<\/strong><\/h2>\n[\/vc_column_text][\/vc_column][\/vc_row][vc_row][vc_column width=\u00bb1\/2&#8243;][vc_column_text css=\u00bb.vc_custom_1722709637965{margin-bottom: 0px !important;}\u00bb]\n<p style=\"text-align: center;\">Primer A\u00f1o PD<\/p>\n[\/vc_column_text][\/vc_column][vc_column width=\u00bb1\/2&#8243;][vc_column_text css=\u00bb.vc_custom_1722709658152{margin-bottom: 0px !important;}\u00bb]\n<p style=\"text-align: center;\">Segundo A\u00f1o PD<\/p>\n[\/vc_column_text][\/vc_column][\/vc_row][vc_row][vc_column width=\u00bb1\/2&#8243;][vc_btn title=\u00bb1er A\u00f1o PD\u00bb style=\u00bb3d\u00bb color=\u00bbsuccess\u00bb align=\u00bbcenter\u00bb i_icon_fontawesome=\u00bbfar fa-file-pdf\u00bb add_icon=\u00bbtrue\u00bb link=\u00bburl:https%3A%2F%2Fdrive.google.com%2Ffile%2Fd%2F1wfLJpmPLQb9a_p8xKd_tO2ApgmJ0WBap%2Fview%3Fusp%3Dsharing|target:_blank\u00bb][\/vc_column][vc_column width=\u00bb1\/2&#8243;][vc_btn title=\u00bb2do A\u00f1o PD\u00bb style=\u00bb3d\u00bb color=\u00bbsuccess\u00bb align=\u00bbcenter\u00bb i_icon_fontawesome=\u00bbfar fa-file-pdf\u00bb add_icon=\u00bbtrue\u00bb link=\u00bburl:https%3A%2F%2Fdrive.google.com%2Ffile%2Fd%2F1vflsJeA6o8Utr4Mj6eWfhpWZfDJXboIE%2Fview%3Fusp%3Dsharing|target:_blank\u00bb][\/vc_column][\/vc_row]\n","protected":false},"excerpt":{"rendered":"<p>[vc_row fullwidth=\u00bbtrue\u00bb][vc_column][vc_single_image image=\u00bb9451&#8243; img_size=\u00bbfull\u00bb alignment=\u00bbcenter\u00bb][\/vc_column][\/vc_row][vc_row][vc_column][vc_column_text css=\u00bb.vc_custom_1689825995862{margin-bottom: 0px !important;}\u00bb] Usted ha iniciado el proceso de matriculaci\u00f3n de estudiante [\/vc_column_text][vc_single_image image=\u00bb6961&#8243; img_size=\u00bbfull\u00bb alignment=\u00bbcenter\u00bb][vc_column_text css=\u00bb.vc_custom_1754359383304{margin-bottom: 0px !important;}\u00bb] Contrato de Servicios Educativos Para formalizar la matr\u00edcula, sigue estos sencillos pasos: Descarga el contrato: Haz clic en el bot\u00f3n de abajo para obtener el Contrato de Servicios Educativos. Revisa e [&hellip;]<\/p>\n","protected":false},"author":877,"featured_media":0,"parent":0,"menu_order":0,"comment_status":"closed","ping_status":"closed","template":"","meta":{"_monsterinsights_skip_tracking":false,"_monsterinsights_sitenote_active":false,"_monsterinsights_sitenote_note":"","_monsterinsights_sitenote_category":0},"yst_prominent_words":[397],"_links":{"self":[{"href":"https:\/\/www.pensionadoatahualpa.edu.ec\/web\/wp-json\/wp\/v2\/pages\/6953"}],"collection":[{"href":"https:\/\/www.pensionadoatahualpa.edu.ec\/web\/wp-json\/wp\/v2\/pages"}],"about":[{"href":"https:\/\/www.pensionadoatahualpa.edu.ec\/web\/wp-json\/wp\/v2\/types\/page"}],"author":[{"embeddable":true,"href":"https:\/\/www.pensionadoatahualpa.edu.ec\/web\/wp-json\/wp\/v2\/users\/877"}],"replies":[{"embeddable":true,"href":"https:\/\/www.pensionadoatahualpa.edu.ec\/web\/wp-json\/wp\/v2\/comments?post=6953"}],"version-history":[{"count":218,"href":"https:\/\/www.pensionadoatahualpa.edu.ec\/web\/wp-json\/wp\/v2\/pages\/6953\/revisions"}],"predecessor-version":[{"id":9515,"href":"https:\/\/www.pensionadoatahualpa.edu.ec\/web\/wp-json\/wp\/v2\/pages\/6953\/revisions\/9515"}],"wp:attachment":[{"href":"https:\/\/www.pensionadoatahualpa.edu.ec\/web\/wp-json\/wp\/v2\/media?parent=6953"}],"wp:term":[{"taxonomy":"yst_prominent_words","embeddable":true,"href":"https:\/\/www.pensionadoatahualpa.edu.ec\/web\/wp-json\/wp\/v2\/yst_prominent_words?post=6953"}],"curies":[{"name":"wp","href":"https:\/\/api.w.org\/{rel}","templated":true}]}}