{"id":5974,"date":"2017-12-01T12:34:13","date_gmt":"2017-12-01T17:34:13","guid":{"rendered":"https:\/\/www.pensionadoatahualpa.edu.ec\/web\/?page_id=5974"},"modified":"2024-05-31T07:25:32","modified_gmt":"2024-05-31T12:25:32","slug":"bachillerato","status":"publish","type":"page","link":"https:\/\/www.pensionadoatahualpa.edu.ec\/web\/bachillerato\/","title":{"rendered":"BACHILLERATO"},"content":{"rendered":"[vc_row fullwidth=\u00bbtrue\u00bb][vc_column][vc_single_image image=\u00bb9192&#8243; img_size=\u00bbfull\u00bb alignment=\u00bbcenter\u00bb css_animation=\u00bbfadeInUp\u00bb][mk_fancy_title font_family=\u00bbnone\u00bb]\n<h2 style=\"text-align: center;\">BACHILLERATO GENERAL UNIFICADO<\/h2>\n[\/mk_fancy_title][\/vc_column][\/vc_row][vc_row][vc_column width=\u00bb1\/2&#8243;][vc_column_text css=\u00bb.vc_custom_1521586408902{margin-bottom: 0px !important;}\u00bb]\n<p style=\"text-align: right;\">En el Pensionado Atahualpa la secci\u00f3n de Bachillerato General Unificado, contin\u00faa con el proceso formativo desarrollado en Educaci\u00f3n B\u00e1sica y orienta sus acciones a la formaci\u00f3n de seres humanos \u00edntegros, responsables, creativos y seguros de s\u00ed mismos, que hacen uso de las nuevas tecnolog\u00edas de la informaci\u00f3n y son capaces de investigar y generar soluciones pr\u00e1cticas ante problemas del mundo moderno.<\/p>\n<p style=\"text-align: right;\">La estructura del Bachillerato biling\u00fce con una ense\u00f1anza intensiva del idioma Ingl\u00e9s ha permitido a los estudiantes insertarse con notable \u00e9xito en los medios universitarios y laborales por varias generaciones.<\/p>\n[\/vc_column_text][\/vc_column][vc_column width=\u00bb1\/2&#8243;][vc_single_image image=\u00bb9193&#8243; img_size=\u00bbfull\u00bb css_animation=\u00bbfadeInRight\u00bb][\/vc_column][\/vc_row][vc_row][vc_column width=\u00bb1\/2&#8243;][vc_single_image image=\u00bb9195&#8243; img_size=\u00bbfull\u00bb alignment=\u00bbright\u00bb css_animation=\u00bbfadeInLeft\u00bb][vc_single_image image=\u00bb9196&#8243; img_size=\u00bbfull\u00bb css_animation=\u00bbfadeInRight\u00bb][\/vc_column][vc_column width=\u00bb1\/2&#8243;][mk_padding_divider][vc_column_text css=\u00bb.vc_custom_1521601470970{margin-bottom: 0px !important;}\u00bb]Lo que se busca con el trabajo diario en la instituci\u00f3n:<\/p>\n<ul>\n<li>Formar personas capaces de relacionarse respetuosa y arm\u00f3nicamente.<\/li>\n<li>Consolidar la adquisici\u00f3n de autonom\u00eda, independencia, responsabilidad y h\u00e1bitos de trabajo.<\/li>\n<li>Desarrollar el h\u00e1bito de lectura en los estudiantes para enriquecer los conocimientos y ver la realidad desde una perspectiva diferente.<\/li>\n<li>Desarrollar y perfeccionar el conocimiento del idioma Ingl\u00e9s, para que les permita realizar su investigaci\u00f3n final de grado y defensa totalmente en este idioma y puedan desempe\u00f1arse posteriormente para viajar o continuar sus estudios.<\/li>\n<li>Desarrollar la creatividad, la iniciativa y la investigaci\u00f3n.<\/li>\n<li>Afianzar los principios \u00e9ticos que, en el marco de una convivencia intercultural, permitan el pleno desarrollo de la personalidad.<\/li>\n<li>Cultivar la sensibilidad y el gusto por el arte como fuente primordial de expresi\u00f3n del ser humano, mediante la conformaci\u00f3n de bandas musicales y grupos de danza; el desarrollo de las artes pl\u00e1sticas y el montaje de obras de teatro.\u00a0 Hay a disposici\u00f3n clubes culturales, como danza, m\u00fasica y teatro.<\/li>\n<li>Practicar la actividad deportiva y recreativa. Para ello contamos con amplios espacios verdes al aire libre, canchas de f\u00fatbol, voleibol, b\u00e1squet y un nuevo gran coliseo cubierto de deportes.\u00a0 Tambi\u00e9n hay a disposici\u00f3n sin costo adicional varios clubes deportivos como actividad extracurricular: b\u00e1squet, f\u00fatbol, ajedr\u00e9z,<\/li>\n<li>Promover la comunicaci\u00f3n con los Padres de Familia buscando una coordinaci\u00f3n efectiva en beneficio de los estudiantes.<\/li>\n<\/ul>\n[\/vc_column_text][vc_column_text css=\u00bb.vc_custom_1521601826462{margin-bottom: 0px !important;}\u00bb]\n<h4 style=\"text-align: center;\">PROMOVEMOS UNA EDUCACI\u00d3N DE EXCELENCIA PARA ENFRENTAR LOS NUEVOS RETOS<\/h4>\n[\/vc_column_text][\/vc_column][\/vc_row][vc_row][vc_column][\/vc_column][\/vc_row][vc_row fullwidth=\u00bbtrue\u00bb][vc_column visibility=\u00bbhidden-sm\u00bb css=\u00bb.vc_custom_1717095347323{background-image: url(https:\/\/www.pensionadoatahualpa.edu.ec\/web\/wp-content\/uploads\/2024\/05\/img_1244-scaled.jpg?id=9199) !important;background-position: center !important;background-repeat: no-repeat !important;background-size: cover !important;}\u00bb][mk_padding_divider size=\u00bb870&#8243;][\/vc_column][\/vc_row]\n","protected":false},"excerpt":{"rendered":"<p>[vc_row fullwidth=\u00bbtrue\u00bb][vc_column][vc_single_image image=\u00bb9192&#8243; img_size=\u00bbfull\u00bb alignment=\u00bbcenter\u00bb css_animation=\u00bbfadeInUp\u00bb][mk_fancy_title font_family=\u00bbnone\u00bb] BACHILLERATO GENERAL UNIFICADO [\/mk_fancy_title][\/vc_column][\/vc_row][vc_row][vc_column width=\u00bb1\/2&#8243;][vc_column_text css=\u00bb.vc_custom_1521586408902{margin-bottom: 0px !important;}\u00bb] En el Pensionado Atahualpa la secci\u00f3n de Bachillerato General Unificado, contin\u00faa con el proceso formativo desarrollado en Educaci\u00f3n B\u00e1sica y orienta sus acciones a la formaci\u00f3n de seres humanos \u00edntegros, responsables, creativos y seguros de s\u00ed mismos, que hacen uso [&hellip;]<\/p>\n","protected":false},"author":877,"featured_media":0,"parent":0,"menu_order":0,"comment_status":"closed","ping_status":"closed","template":"","meta":{"_monsterinsights_skip_tracking":false,"_monsterinsights_sitenote_active":false,"_monsterinsights_sitenote_note":"","_monsterinsights_sitenote_category":0},"yst_prominent_words":[342,73,346,345,344,341,338,327,267,340,53,126,343,329,335,334,336,339,332,347],"_links":{"self":[{"href":"https:\/\/www.pensionadoatahualpa.edu.ec\/web\/wp-json\/wp\/v2\/pages\/5974"}],"collection":[{"href":"https:\/\/www.pensionadoatahualpa.edu.ec\/web\/wp-json\/wp\/v2\/pages"}],"about":[{"href":"https:\/\/www.pensionadoatahualpa.edu.ec\/web\/wp-json\/wp\/v2\/types\/page"}],"author":[{"embeddable":true,"href":"https:\/\/www.pensionadoatahualpa.edu.ec\/web\/wp-json\/wp\/v2\/users\/877"}],"replies":[{"embeddable":true,"href":"https:\/\/www.pensionadoatahualpa.edu.ec\/web\/wp-json\/wp\/v2\/comments?post=5974"}],"version-history":[{"count":35,"href":"https:\/\/www.pensionadoatahualpa.edu.ec\/web\/wp-json\/wp\/v2\/pages\/5974\/revisions"}],"predecessor-version":[{"id":9214,"href":"https:\/\/www.pensionadoatahualpa.edu.ec\/web\/wp-json\/wp\/v2\/pages\/5974\/revisions\/9214"}],"wp:attachment":[{"href":"https:\/\/www.pensionadoatahualpa.edu.ec\/web\/wp-json\/wp\/v2\/media?parent=5974"}],"wp:term":[{"taxonomy":"yst_prominent_words","embeddable":true,"href":"https:\/\/www.pensionadoatahualpa.edu.ec\/web\/wp-json\/wp\/v2\/yst_prominent_words?post=5974"}],"curies":[{"name":"wp","href":"https:\/\/api.w.org\/{rel}","templated":true}]}}